4 = 2. Let y be (-1)/(3 + 1354/(-452)). Is (-12)/4 - y*l a composite number?
False
Suppose 5*v - 14 = -9. Let k = -45 - -98. Suppose 2*h + 4*r - v = k, 0 = -3*h - 4*r + 73. Is h a composite number?
False
Let w = -11 - -18. Let z = 19 - -1. Is (z/w)/((-8)/(-28)) a prime number?
False
Is 557 + -3 - (-1 + -2) a composite number?
False
Let z(s) = 117*s - 23. Is z(10) a prime number?
False
Let y(h) = 2*h**2 - 5*h + 8. Suppose -2*a - 7 = 5. Let x be y(a). Let f = 193 - x. Is f a composite number?
False
Suppose -4*l = -y - l + 9, 3*y + 3*l + 9 = 0. Suppose z + 965 = 6*z. Suppose 327 = 5*f + 2*w, 3*f + y*f + 2*w = z. Is f a composite number?
False
Let h = 8 - 6. Is h/7 + (-430)/(-14) a composite number?
False
Suppose 20*b - 15*b - 1055 = 0. Is b composite?
False
Let r = 470 + -279. Is r composite?
False
Suppose 2*p = 3*o - 0*o + 224, -4*o = -5*p + 567. Is p a prime number?
False
Let v(r) = -8*r + 2. Let a(y) = -1. Let k(x) = 3*a(x) + v(x). Is k(-7) prime?
False
Let p be (1 - -9)*15/6. Suppose f = -2*a, -3*a + p = -8*a. Is f prime?
False
Let j(f) = -139*f + 2. Is j(-3) a prime number?
True
Suppose -3*g + 248 + 28 = 3*p, 3*p = 2*g + 286. Is p prime?
False
Let z(c) = c**3 + c**2 + c + 254. Is z(0) composite?
True
Let z = 12 - 8. Let w be (z - 4)/(1*2). Suppose w = 4*y - 113 - 115. Is y a prime number?
False
Let u = 349 + -162. Is u prime?
False
Suppose 2*z - 4292 = -822. Is z composite?
True
Suppose 1 + 9 = 5*d. Suppose m + 5*v + 15 = 0, -5*m + d*v = 4*v - 17. Suppose 0 = -m*p - 226 + 1241. Is p prime?
False
Is 4/(-6) + (-8007)/(-9) composite?
True
Suppose 0 = 3*d - 2*y - 2201, 729 = d + 4*y - 0*y. Is d prime?
True
Suppose 4*q + 0*h + 3*h = -38, 0 = -4*q + 2*h - 48. Let k be q/(-3) + 1/3. Suppose 0 = -4*b + p + 90, 0 = -4*b + k*p + 41 + 43. Is b composite?
False
Suppose g = n - 8, -4*n = 4*g + 5 + 3. Let d = 0 + 2. Suppose d*w = n + 1. Is w composite?
False
Is 1081*(-1 + 0 + 2) a prime number?
False
Suppose 3*h - 161 - 196 = 0. Is h a prime number?
False
Let g = -619 + 986. Is g a composite number?
False
Let j = 5 - 2. Is (212/12)/(1/j) composite?
False
Suppose 0 = -u - 2*a + 6, -2*u - 5*a = -4*u + 12. Let r = 10 - u. Suppose 4*t - 4*s - 103 = -5*s, -r*t + s + 97 = 0. Is t composite?
True
Let b(d) = 8*d**2 + 2*d - 2. Suppose 2*x = -3*x + 10. Suppose 12 = x*t + 4*r, -t + 2*t - 12 = -5*r. Is b(t) prime?
False
Suppose -3*j = -j - 1066. Suppose 5*u - 2*r - j - 268 = 0, u - 151 = 5*r. Is u prime?
False
Is ((-4)/(12/(-1191)))/1 a prime number?
True
Let x = 5 + 0. Suppose 28 + 7 = -x*m. Is m*(-3 + 3 + -5) a prime number?
False
Is (-63)/(-42) - 583/(-2) a composite number?
False
Let u be ((-12)/(-20))/((-2)/(-10)). Suppose -58 = -u*d + 2*k, k = -2*d + 2*k + 40. Is d a prime number?
False
Let r(t) = 30*t - 5. Let s be r(4). Let h = 234 - s. Is h composite?
True
Let v(r) = -26*r + 39. Let u(y) = -17*y + 26. Let x(k) = 8*u(k) - 5*v(k). Is x(-9) a prime number?
True
Let i(u) = 21*u**2 + u - 1. Let r be i(1). Suppose 3*c - 3*z = 153, 0 = -c - z - 4*z + r. Is c composite?
True
Let w = -3 + 7. Suppose -5*d - 228 = -0*p - p, 223 = p - w*d. Is p a composite number?
True
Let u(v) = 266*v**2 - 1. Let a be u(1). Suppose 0 = -7*x + 2*x + a. Is x a prime number?
True
Let x(z) = -z**2 - 4*z + 2. Let o be x(-5). Is 268/(-4)*o/3 composite?
False
Let u(q) = 18*q + 3. Let s be 3*(0 + 5/3). Is u(s) prime?
False
Let p(n) = n**3 + 24*n**2 - 3*n - 21. Is p(-20) prime?
False
Let n be (1/2)/((-1)/(-84)). Let i = 64 - n. Is i prime?
False
Suppose 0 = -0*w + 2*w - 6. Let m be (1911/6)/((-2)/(-4)). Suppose 5*s = w*u + 638, -s + 2*u = 4*s - m. Is s a composite number?
False
Suppose 5*b = -2*w - 5, 3*b + 4 = 2*w - b. Suppose -2*f + w*f = -170. Is f a prime number?
False
Let d(x) = -41*x - 1. Suppose -2*u = 2*l - 4, 2*l - 2 + 0 = 0. Let f be d(u). Is (13 - -1)/((-12)/f) a prime number?
False
Let j = -250 + 473. Is j a prime number?
True
Let t(w) = w + w + 5*w. Suppose z = 3*z - 10. Is t(z) composite?
True
Let o(s) = s**2 - s - 1. Let x be o(2). Suppose -r - 4*w - 9 = -4*r, r - x = 2*w. Is r a composite number?
False
Suppose -j + 5*u - 107 = -766, 643 = j + 3*u. Is j a composite number?
True
Suppose j - 7 = -4*j + r, -3*j = 5*r - 21. Suppose -5*p + j*p = -333. Is p composite?
True
Suppose 4*m + 233 = 3*l, -238 = -0*l - 3*l - m. Is l prime?
True
Is 3 - -1*(1 + 315) composite?
True
Let j = 90 + -53. Suppose -2*y + 13 + j = 0. Is y prime?
False
Let c(o) = o. Let g(x) = -3*x + 17. Let w(r) = c(r) - g(r). Is w(9) composite?
False
Let l = -11 - -11. Suppose -3*y + 6*y - 381 = l. Is y a prime number?
True
Let p = 1 + 2. Suppose -9 = p*f, 3*b + 0*f - 687 = 3*f. Suppose -d - 65 = -b. Is d a prime number?
False
Suppose 42 = 4*x - 2*x + 4*b, -x + 21 = b. Suppose w - 5*s - x = -s, s - 11 = -w. Is w prime?
True
Let i(k) be the second derivative of k**3/6 + 5*k**2/2 + 3*k. Let v be i(-5). Suppose -5*h + 67 + 148 = v. Is h a prime number?
True
Suppose -3*i + 51 = 3*n, 46 = 2*i + i + 4*n. Suppose -c - c = i. Is c*(-2)/((-2)/(-13)) a composite number?
True
Suppose -n + 2*b = b - 653, b - 2592 = -4*n. Is n a composite number?
True
Let k = 72 + -4. Suppose -2*c = -3*a + 119, a + 3*c + 2*c = k. Suppose -i - a = -2*i. Is i a composite number?
False
Let p(b) = 5*b**2 + 3*b - 13. Let c = 18 + -12. Is p(c) prime?
False
Suppose -3*i = 4*b - 111, 24 + 13 = i - 4*b. Suppose 738 = 3*g + 5*h, -5*g - 5*h - i = -1277. Is g a prime number?
True
Let j(z) = 336*z + 2. Let a(g) = 671*g + 3. Let f(m) = -3*a(m) + 5*j(m). Is f(-2) composite?
True
Let o(l) be the first derivative of -l**4/4 - 5*l**3/3 + 2*l**2 - 6*l - 1. Suppose 0 = t - 0 + 6. Is o(t) composite?
True
Let c(l) = 73*l**2 + 2. Let w be c(-3). Suppose -6*m + w = -m + z, m - 5*z - 111 = 0. Is m composite?
False
Let a = 1565 + -780. Is a composite?
True
Suppose 3289 - 1279 = -5*d. Is ((-10)/15)/(4/d) composite?
False
Let k = -19 + 28. Let a(m) be the first derivative of m**4/4 - 3*m**3 + 5*m**2 - 13*m - 1. Is a(k) a composite number?
True
Let w = -11 - -7. Let m(y) be the first derivative of y**4/4 + 8*y**3/3 + y**2 - 5*y + 1. Is m(w) prime?
False
Let i(u) = -u. Let n be i(-2). Suppose 0 = -2*o - n*o + 204. Is o a composite number?
True
Is (-37)/(-3)*(-45)/(-5) a prime number?
False
Let h(n) = 8*n + 6 - 2*n**3 - n**2 - 5*n + 3*n**3 - 2*n**2. Is h(5) composite?
False
Suppose -3 = g - 8, 5*k - 3*g - 335 = 0. Is (-2)/(-5) + 742/k a prime number?
True
Let h = -13 + 11. Is 6486/22 - h/11 a composite number?
True
Suppose 0 = -o + 3*o - 16. Let f(m) be the second derivative of 11*m**3/6 + m**2/2 + 3*m. Is f(o) a prime number?
True
Let l = 80 + -6. Is l a prime number?
False
Let d = 3132 + -2143. Is d composite?
True
Let r(y) = y + 8. Let g be r(-6). Let k = 53 + -50. Suppose -329 = -k*h - 2*v, -7*v + 323 = 3*h - g*v. Is h composite?
True
Let k be 2/(-10) + (-14)/5. Let r(q) = 37*q**2 + 3*q - 2. Let j be r(k). Suppose a - 3*a + j = 0. Is a a prime number?
False
Suppose -5*b + 2*z = -b - 1322, 4*b - 1327 = -3*z. Is b a composite number?
False
Let r be -9*((-30)/9 - -3). Suppose 34 = r*u - u + 4*g, -4*g + 88 = 4*u. Let n = 40 - u. Is n prime?
True
Suppose 3*c + 0 = 6. Let d be 51 + -1*(-1 + c). Let g = -29 + d. Is g a prime number?
False
Let k = 7 - -288. Is k a prime number?
False
Let v = 5 - 6. Let a be (v + 0)/((-1)/(-29)). Let w = 26 - a. Is w prime?
False
Suppose 159 - 21 = 3*d. Let x be (-4)/(-10) - d/(-10). Suppose -3*b = -4*o - 54, 101 = x*b - o - 2*o. Is b prime?
False
Let u = -7 + 23. Let x be (-4)/12 + u/(-6). Let f(k) = 2*k**2 + k + 4. Is f(x) a composite number?
False
Suppose -5*d + 76 = -224. Let y = 49 + d. Is y composite?
False
Let k be -1 - (-388)/(3 + -1). Let d = k + -104. Is d a composite number?
False
Let j = 24 - -12. Suppose -3*r + 102 = 3*t, j = r - 0*r - t. Is r composite?
True
Let v(p) = -31*p**2 + 2*p - 1. Let s be v(1). Is (1648/24)/((-4)/s) a prime number?
False
Let g = 1864 + -1229. Is g a prime number?
False
Let y = 220 - -51. Suppose 37 + y = 4*c. Is c a prime number?
False
Suppose -4*j + 1975 = 35. Is j a composite number?
True
Suppose 2*b - 1037 = -3*v + 176, -25 = 5*v. Is b a composite number?
True
Let n(g) be the second derivative of -3*g**5/20 + g**4/12 - g**2/2 + 2*g. Let u be n(-2). Let t = u - 6. Is t prime?
False
Let u = 4 - 8. Let j(f